is the greatest common divisor of a and g?
4
Let a(u) = u**3 - 25*u**2 + 25*u + 26. Let q be a(24). What is the highest common divisor of 450 and q?
50
Let j be 139 - (-2 - (-6)/1). What is the greatest common factor of 30 and j?
15
Let w be (-3 + 429 - -2) + -5. What is the highest common factor of 47 and w?
47
Suppose 5*y + 3*q + 32 = 2473, -1482 = -3*y + 4*q. Calculate the highest common divisor of 70 and y.
70
Let q be 0 - (-188)/(-4)*-1 - -5. Calculate the highest common divisor of q and 130.
26
Let v(g) = 0*g + 2 - 10*g**2 + 16*g**2 + 0*g. Let a be v(2). What is the highest common factor of a and 26?
26
Let v be 3/(-2)*(-5)/(180/2112). What is the greatest common factor of v and 22?
22
Suppose 4*q = -3*o + 91, 0 = -0*q - 4*q + 4*o + 84. Let m be 4/14 - 9200/(-140). Let p be m/7*(6 - -8). Calculate the highest common divisor of p and q.
22
Let c(s) = 22*s**2 + 3*s - 1. Let b be c(-2). Suppose -7*y = -73 - b. What is the greatest common divisor of 198 and y?
22
Let h be (0 + 1)/(10/20). Let l be 1 - (-7 - h/(-1)). Let d(y) = 2*y + 1. Let g be d(1). What is the greatest common divisor of l and g?
3
Let i(u) = u**3 + 4*u**2 + 5*u + 3. Let y be i(-3). Let o be 5*3 + (-9)/y. Let b = 31 - o. What is the highest common divisor of b and 143?
13
Let j = -444 - -454. Calculate the greatest common divisor of j and 430.
10
Let k be (-1469)/226*(-18)/(1 - 0). What is the highest common divisor of k and 104?
13
Suppose 4*l - 23 = -2*s - 3, 0 = 2*l + 2*s - 12. What is the highest common factor of 1 and l?
1
Let g(c) = -4*c - 10. Let b be g(6). Let s = b + 22. Let t be 66*((-20)/s)/5. What is the greatest common factor of 2 and t?
2
Let n be (-147242)/(-3071) + 2/37. Calculate the highest common divisor of n and 1176.
24
Let t = 33 + -146. Let m = -109 - t. What is the greatest common divisor of m and 6?
2
Let d be 0 + (-1)/1 + -2. Let j be 15/(-18)*d*6. Suppose 4*c - 5*c + j = 0. What is the highest common divisor of 10 and c?
5
Let w = 31 - 27. Suppose o - 5*m = -w*o - 10, -3*m + 4 = -o. Let h be 8/(-4 - o - -5). Calculate the highest common factor of h and 16.
4
Let u be 4 + (-51)/(-17) + 6. Suppose 0 = -5*p + 4*g - 6, 2*p = -5*g + 5 + 19. Suppose -137 + 7 = -p*w. What is the highest common divisor of u and w?
13
Let s(i) = -2*i**2 + 19*i - 2. Let h be s(9). Let n = h + -1. Suppose 0 = 5*k - 10, 2*f + 3*k = 25 + 113. Calculate the highest common divisor of f and n.
6
Let v(i) = i**2 + 8*i - 5 - 3*i**2 - i**2 + i**2 + i**2. Let u be 6/(0 + 1/1). Let r be v(u). Calculate the highest common divisor of 1 and r.
1
Suppose 0 = 5*o + 4*d - 1435, 14*d + 574 = 2*o + 9*d. What is the highest common divisor of o and 35?
7
Let r = -607 - -931. Calculate the greatest common factor of 216 and r.
108
Suppose -24*j = -27*j + 339. Let n = -89 + j. What is the highest common divisor of n and 264?
24
Let s be 2*(-3)/6 + 35. Let m be (-101)/(-6) - (-5)/30. What is the highest common divisor of m and s?
17
Let f(o) = o**2 + 7*o + 19. Let n be f(-14). Suppose 116*r = n*r - 34. What is the highest common factor of r and 170?
34
Suppose 0 = v + 4*x + 13, -2*v + x = -6*v + 8. Suppose 4*j - 48 = -y, y - v*y - 60 = -5*j. What is the greatest common divisor of j and 6?
6
Suppose -9*k + 5*k = 4*g - 116, 76 = 4*k - 4*g. What is the greatest common divisor of k and 30?
6
Let p be (1/2)/((-1)/(-40) + 0). Suppose -11*m = -10*m - p. What is the highest common factor of m and 2?
2
Let u(n) = -n**3 + 7*n**2 - 10*n + 2. Let h be u(5). Let j(z) = 5*z**2 + 2*z - 3. Let r be j(h). Calculate the greatest common divisor of 7 and r.
7
Suppose -478 - 222 = -5*o - 5*x, -3*o - 4*x + 424 = 0. Suppose -2 - 8 = 5*m. Let p be (m*1)/((-12)/102). Calculate the greatest common divisor of p and o.
17
Let i be -9 - (-5)/((-10)/(-6)). Let r(l) = -l**2 - 8*l - 3. Let o be r(i). Suppose -6*y + 26 = -28. Calculate the greatest common divisor of y and o.
9
Let j be (-333)/(-63) + 6/(-21). What is the highest common divisor of j and 860?
5
Suppose 39 = -14*b + 17*b. Calculate the greatest common factor of b and 949.
13
Suppose -16 = -4*q, 5*t + 2*q - 159 = 419. What is the greatest common factor of 6 and t?
6
Let t(c) = 126*c - 226. Let r be t(10). Calculate the highest common factor of 22 and r.
22
Suppose 9*h = 41*h - 1568. What is the highest common divisor of 14 and h?
7
Let m = -528 + 530. What is the highest common factor of m and 37?
1
Let l be (4558/129 - 4/(-6)) + 6. What is the greatest common factor of l and 42?
42
Suppose -2*a + 37 = 3*q - 20, 5*q = -a + 11. Calculate the greatest common divisor of a and 336.
12
Suppose 370 = 4*j + 2. Let x = j + -73. Calculate the highest common divisor of 57 and x.
19
Suppose -5*p + 59 = z - 157, -2*z - 52 = -p. Calculate the greatest common factor of 154 and p.
22
Let s be (-4)/4*(1 + -5). Suppose 3*z = -z + s. Suppose -2*l + l = -2*o - 1, -3*l = -o - 23. Calculate the greatest common divisor of l and z.
1
Suppose 4*i = 4*u - 232, -3*u - 12*i + 176 = -16*i. Calculate the highest common divisor of u and 224.
56
Let s(l) = 5*l**2 - 18*l + 29. Let b(o) = 5*o**2 - 17*o + 30. Let u(t) = 6*b(t) - 5*s(t). Let g be u(6). What is the greatest common factor of g and 11?
11
Let n(c) = c**3 - c**2 - 10*c. Let y be n(4). Calculate the greatest common factor of 1 and y.
1
Let d(o) = o**2 + 37*o - 406. Let t be d(12). Suppose -2*r + 4*p = -48, r - 35 + 1 = 4*p. Calculate the greatest common divisor of r and t.
14
Let r(g) = g**3 - 2*g**2 + 16*g - 11. Let l be r(9). Calculate the greatest common factor of l and 140.
140
Let k(l) = -l**2 + 3*l + 3. Let u be k(5). Let p be (6 - u) + 0 + 1. Suppose -g + 40 = -0*g + 4*j, -4*j = -12. What is the greatest common divisor of g and p?
14
Suppose -5*q + 27 = 5*k - 258, 4*k = 4. Calculate the greatest common factor of q and 64.
8
Suppose 5*d + 3602 = 3*j, 4*j + 14*d = 17*d + 4821. Calculate the highest common factor of j and 39.
39
Let s = -7 + 7. Let r be 13 + ((s + 9)/3 - 1). Calculate the highest common factor of r and 6.
3
Let f = -81 - -264. Let y = f + -75. What is the greatest common factor of y and 12?
12
Let l(g) = -g**3 + 26*g**2 - 25*g + 57. Let k be l(25). Let r be 3/(-9) + 116/6. Calculate the highest common divisor of r and k.
19
Suppose -w + 3*w - 18 = 0. Suppose 3*y = 5*n + 74, 4*y - 9*y + 82 = 2*n. What is the highest common divisor of y and w?
9
Suppose 3*z + i - 18 = 0, 5*z + 0*z - 3*i - 16 = 0. Suppose -10*m - p - 50 = -11*m, 4*p - 70 = -2*m. Calculate the highest common divisor of z and m.
5
Let w be (20/(-6))/(2/3). Let l = 11 - w. Calculate the greatest common factor of 2 and l.
2
Suppose 91 = 3*r + 25. What is the greatest common divisor of 77 and r?
11
Suppose -1303 = -4*v + 437. What is the highest common divisor of 87 and v?
87
Let u be 3006/(-14) - (-2)/(-7). Let f = u - -305. Calculate the highest common factor of f and 36.
18
Suppose -9*u + 6*u = -f + 24, 0 = u - 3. Calculate the highest common factor of 528 and f.
33
Suppose -o = -m - 16, -6*m = o - 3*m - 12. Suppose -2 = -2*j + 8. Calculate the highest common factor of o and j.
5
Suppose -6*g + 2*g + 2*l + 34 = 0, -l + 18 = 3*g. Calculate the highest common factor of g and 518.
7
Let t be (-12)/(-30) - 324/(-15). Let r = t + -22. Suppose -2*j - 4*b + 16 = -r*b, 5*j - 2*b - 100 = 0. What is the greatest common factor of j and 198?
18
Let j be ((-1)/(-1))/(17/68). Let i(u) = 10*u**3 + 9*u - 1. Let f be i(j). Let k = f + -477. What is the greatest common divisor of k and 18?
18
Suppose 16 = -0*v - 2*v. Let h(g) = g**2 + 7*g + 2. Let r be h(v). Suppose -4*p = -526 + 86. What is the greatest common factor of p and r?
10
Let n = -74 + 122. Let a be (-5 - 4)*8/(-12) + 0. Calculate the highest common factor of a and n.
6
Let m be ((-2)/(-4))/(2/52). Let u(l) = 59*l + 714. Let q be u(-11). What is the highest common factor of q and m?
13
Let a(q) = q**3 - q**2 - q + 1. Let h be a(0). Let y = -53 + 35. Let p be 7*(y/14 + 3) + -1. What is the highest common factor of p and h?
1
Let o = 98 + -6. What is the highest common divisor of o and 23?
23
Let j = -297 - -329. Calculate the highest common divisor of 4 and j.
4
Suppose 98 = 4*r - 6. Let c = -29 + r. Let t be 18/(-4)*(c - -1). What is the greatest common factor of t and 3?
3
Suppose 2*l - g - 82 = 0, -34*g + 33